+ 4*r - 140 = 0, -2*r - 123 - 17 = -5*z. What is the remainder when 80 is divided by n(z)?
38
Let s = -141 - -86. Let o = 104 + s. Calculate the remainder when 89 is divided by o.
40
Let s = 162 - 7. Calculate the remainder when s is divided by 10/2 + 2 - -33.
35
Let j(k) = -k**2 - 40*k - 111. Let d be j(-37). Suppose 287*z - 280*z - 812 = d. What is the remainder when z is divided by 65?
51
Let g = 7879 - 7728. What is the remainder when 445 is divided by g?
143
Let t(w) = 2*w**2 - 10*w - 23. Let b be -2*(3/(-6))/(-1). What is the remainder when t(10) is divided by (b + 17)*25/20?
17
Suppose 2*q + 4*m = 3*q - 5, m = 2*q - 17. What is the remainder when 28 is divided by q?
1
Calculate the remainder when -5 + 11 + 26 + 8 is divided by 6.
4
Suppose 0 = -0*d + d + 59. Let z = 88 + d. Let s = -563 - -579. What is the remainder when z is divided by s?
13
Let n(v) = -13*v - 138. Let p be n(-11). Suppose -5*l + 9*h = 4*h - 1520, -3*l - p*h = -920. What is the remainder when l is divided by 28?
25
Let u = -7 - -3. Let i(t) = 6*t**2 - t - 5. Let p be i(u). Let w = 109 - p. Calculate the remainder when 36 is divided by w.
8
Suppose 0 = -3*m - 2*m + 118 + 17. Calculate the remainder when 3278 is divided by m.
11
Suppose -14 = 5*f - 199. What is the remainder when f is divided by (-98)/(-4) + (-24 - 0) + (-106)/(-4)?
10
Let o(j) = -3*j**2 - 59*j + 76. Calculate the remainder when 4701 is divided by o(-20).
53
Let r(j) = -j**3 + 10*j**2 - 13*j - 3. Let f be r(9). Let x = -29 - f. Let u(l) = 3*l - 5. What is the remainder when 49 is divided by u(x)?
24
Suppose v + 49 = d - 0*d, 0 = -5*d + v + 225. Let b be (-2031 - -89)/(1 - 3). Let w = b + -956. Calculate the remainder when d is divided by w.
14
Suppose 3*q - 5*m = -4*m + 2514, 5*q + 4*m - 4207 = 0. What is the remainder when q is divided by 275?
14
Let q(f) = 298*f + 12 + 13*f**2 - 559*f + f**3 + 281*f. Calculate the remainder when 337 is divided by q(-11).
31
Suppose r - 5*w - 19 = 0, -w = -3*r - 2*w - 7. Let g be ((-11)/9 - r) + (-214494)/(-27). What is the remainder when 4/26 + g/78 is divided by 26?
24
Suppose 42*f + 1512 = 34*f + 4320. Calculate the remainder when f is divided by 52.
39
Let x = 23482 + -23469. Calculate the remainder when 39 is divided by x.
0
Suppose f - 22 - 7 = 0. Let i(l) = 2*l**2 + 20*l - 241. What is the remainder when i(9) is divided by f?
14
Suppose 10*n + 7*n + 1581 = 0. Let y = n + 131. Calculate the remainder when 135 is divided by y.
21
Let o(c) = -2*c**3 + 18*c**2 + 9*c - 8. What is the remainder when o(8) is divided by 84?
24
Let w = -209 + 227. Let h(n) = -2*n**2 + 38*n - 34. What is the remainder when 10 is divided by h(w)?
0
Let c = 20 + -22. Let o(s) = 3*s**2 - 3*s - 5. What is the remainder when 46 - (-4 - (-1 + 0)) is divided by o(c)?
10
Let i = 7241 + -7223. What is the remainder when 225 is divided by i?
9
Suppose 23282 + 12130 = 12*d. What is the remainder when d is divided by 99?
80
Suppose 6*u - 15*u + 252 = 0. Let a = -19 + u. Suppose -3*y - 59 = -2*l, 0 = -2*l + 7*l - 2*y - 164. What is the remainder when l is divided by a?
7
Let b = -623 + 398. Let y = b - -663. Calculate the remainder when y is divided by 9.
6
Let l be 1/(0 - (-2)/96). Let y = -58 + l. Let w(s) = s**3 + 10*s**2 - 3*s - 14. What is the remainder when w(y) is divided by 10?
6
Let k = -610 - -865. Let r = -224 + k. What is the remainder when 55 is divided by r?
24
Suppose 0 = -3*f + 9, 12*b - 10*b = 2*f + 102. Suppose 0 = 10*q - 132 + 12. What is the remainder when b is divided by q?
6
Suppose -3*l = -3*r + 120, -r + 2*l = 165 - 201. What is the remainder when 104 is divided by r?
16
Suppose 0 = 5*w + 50. Let d be (-2)/w - 3176/(-20). Suppose -66 = -k - 5*y - 18, 0 = 5*k - 2*y - d. Calculate the remainder when k is divided by 18.
15
Let t be (-66)/17 + (-32)/272. Let p(g) = 2*g**2 + 3*g - 1. What is the remainder when (t/5)/(10/(-975)) is divided by p(-3)?
6
Suppose 190*i + 160 = 206*i. Let l(t) = 31*t - 244. Calculate the remainder when 124 is divided by l(i).
58
What is the remainder when 100 is divided by (6/14)/(21/637)?
9
Suppose 2*d = 6, -2*d = 2*k + 1 + 7. Let l(m) = 2*m**2 + 5*m + 6. Let g be l(k). Suppose 2*z = -z + g. Calculate the remainder when 67 is divided by z.
21
Let t be -1*(-6 - -4) - -226. Suppose j + 4*j + 5*q - 380 = 0, -t = -3*j + q. What is the remainder when j is divided by 11?
10
Let q(s) = -s - 9. What is the remainder when 1275 is divided by q(-27)?
15
Let n = 257 - 214. Let y = -3 + 34. Suppose -28*g = -y*g + 66. Calculate the remainder when n is divided by g.
21
Let p = -4 - -28. Let b = 18 + p. Suppose -q = q - b. Calculate the remainder when 83 is divided by q.
20
Let q = -679 - -685. Let z(g) = 2*g**3 - 9*g**2 + 3*g + 7. Calculate the remainder when z(q) is divided by 15.
13
Let p(t) = 58*t + 11. Let u be p(9). What is the remainder when u/5 + 8/20 is divided by (-27)/(-72) + 879/(-48)*-2?
33
Suppose 782*b + 2296 = 864*b. What is the remainder when 6015 is divided by b?
23
Let d(j) = -j**2 - 4*j + 11. What is the remainder when (140/(-21)*3)/((-6)/9) is divided by d(-5)?
0
What is the remainder when 1897 is divided by (1 + 1 + 87/(-12))/((-1)/52)?
259
Let t(o) = o**3 - 2*o**2 - 15*o + 3. Let a be t(5). Calculate the remainder when 73 is divided by (-1)/a + (6 - (-188)/6).
36
Let b = 337 - 330. Suppose -b*f + 300 - 76 = 0. What is the remainder when 136 is divided by f?
8
Let c = -28 + 56. Let d = c - 80. Let z = -30 - d. What is the remainder when z is divided by 6?
4
Let m(h) = h**2 + 35*h + 23. Let y(b) = b - 1. Let p(q) = -m(q) + 4*y(q). What is the remainder when p(-16) is divided by 18?
15
Let j(o) = 5*o**2 + 6*o - 2. Suppose -420*s + 1095 = -422 - 3523. Calculate the remainder when j(-6) is divided by s.
10
Let g be 2*-5*20/(-25). Let y(v) = 2*v**2 - 18*v + 19. Let a be y(g). What is the remainder when 17 is divided by ((-2)/a)/(-2)*-3 - -10?
8
Suppose 70 = 5*v - 0*v. Suppose -v*k = -19*k + 30. Calculate the remainder when 48 is divided by (1/(6/63))/(k/8).
6
Let h be (-2)/(-12) - (-1019)/6. Calculate the remainder when 248/5 + 68/h is divided by 2.
0
Let j(r) = 2*r**3 + 208*r**2 - 211*r + 30. What is the remainder when 34288 is divided by j(-105)?
133
Let h = 25 - 15. Calculate the remainder when h is divided by ((-46)/(-6) - 1)*((-1460)/(-100) + -14).
2
Let v be 16/(-136) - 45/51. What is the remainder when 88 is divided by (0 + -1)*(-18 - (v + 0))?
3
Suppose 2*n + 4*y = 2*y + 1006, 3*n - 1513 = -y. Let x = -474 + n. Calculate the remainder when 104 is divided by x.
11
Suppose 1588 = 5*f - 2*h - 1182, -4*f + 2228 = -4*h. What is the remainder when f is divided by 96?
72
Let f(d) = -d**2 - 5*d + 10. Let m be f(-6). Suppose -m = 2*y - 102. Let i = 14 - 4. Calculate the remainder when y is divided by i.
9
Let y be 1 + -3 + 3 + 2. Suppose 7 = 2*x - 3*d - 4, -y*d + 1 = x. Let f(r) = 2*r**2 + 5*r - 3. Calculate the remainder when f(x) is divided by 17.
15
Suppose 2*r - 3 = 4*i + 163, -5*r = -i - 442. What is the remainder when 440 is divided by r?
84
Let n = 229 - 45. Let s = n + 514. What is the remainder when s is divided by 70?
68
Let b be (-2)/(((-52)/65)/(2/5)). Calculate the remainder when 47 is divided by 5*(5/b - 3).
7
Suppose 1839*p - 1832*p - 419 = 1. What is the remainder when p is divided by 22?
16
Let h = 41 - 11. What is the remainder when (-7886)/(-12) + (-184)/1104 is divided by h?
27
Suppose -193*y = -183*y - 1350. Let w = 150 - y. Calculate the remainder when 40 is divided by w.
10
Suppose 115 = -6*d + 7. Let l(t) = 2*t**2 + 29*t - 68. Calculate the remainder when 173 is divided by l(d).
57
Let s(n) = -162*n - 2170. What is the remainder when 554 is divided by s(-14)?
64
Suppose 13 = -21*t - 29. What is the remainder when 43 is divided by -12*(99/(-44))/((-2)/t)?
16
Let a(h) = h**2 - 14*h + 36. Let j be a(10). Calculate the remainder when -3 + 1*(-420)/j is divided by 14.
4
Let v(w) = -w**2 - 7*w + 560. Let z be v(0). Suppose -a + z = 3*f, -18*a + 13*a + 395 = 2*f. Calculate the remainder when f is divided by 17.
15
Let n(k) = -70*k + 550. What is the remainder when 3377 is divided by n(6)?
127
Suppose -4*x - 11 - 5 = -4*t, -x + 11 = 2*t. Suppose 2*f + 1 - 6 = -k, 0 = 4*f + 4*k - 16. Let r = f + t. What is the remainder when 8 is divid